alse
Let v = 22 + -8. Let j(g) = g**3 - 11*g**2 - 9*g - 8. Let z be j(12). Let s = z - v. Is s composite?
True
Let h(d) = -448*d + 3. Is h(-5) a prime number?
True
Suppose -2*y + 1927 = -2*i - 7*y, 2*y + 4765 = -5*i. Let c = i + 1470. Is c a composite number?
True
Suppose -4*v - 3*n - 36 = 0, 2*v + 18 = -0*v + n. Let j(b) = 2*b**2 + 10*b + 7. Is j(v) a composite number?
False
Let y be (-1 + 0)/(2/(-8)). Suppose 2*x = -x + q - 16, 0 = -2*x - y*q + 8. Let r = 29 - x. Is r a composite number?
True
Suppose 3 = -i - 0. Let s be -192*(-2 + i/(-2)). Suppose 4*g + 2*y - s = 0, -2*g = 5*y - 25 - 15. Is g a composite number?
True
Let v(i) = -11*i + 2. Suppose -4*g = 23 + 1. Let w be v(g). Let f = w - 47. Is f prime?
False
Let k = 530 - 319. Is k a composite number?
False
Suppose 3*f = 9 - 0. Suppose 3*l + 0*l - 105 = 0. Suppose f*m + l = 140. Is m prime?
False
Is (-4431)/(-6) + 1 - (-3)/(-6) composite?
False
Let r be (-3 - -6)/((-3)/(-16)). Suppose 0 = -m + 187 + r. Is m composite?
True
Suppose -2*j = -5*j + 798. Let p = -11 + 11. Suppose 2*x = -p*x + j. Is x prime?
False
Let z = 39 + -136. Suppose -2*n + 362 = f, -2*n + 5*n - 532 = 4*f. Let s = n + z. Is s a prime number?
True
Suppose 4*u + 5*n - 504 = 0, -2*n = -7 - 1. Is u composite?
True
Let n(o) be the first derivative of 8*o**2 - 13*o - 4. Is n(14) prime?
True
Suppose 2*u + 0*u = 0. Let g = u - -34. Is g a composite number?
True
Suppose -15 = -3*z, -x - 3*z + 350 = -0*x. Is x prime?
False
Suppose 0 = j - 5*o + 10, 5*o = 20. Let d be (-4)/j - (-4)/10. Suppose -2*s + 5*s = d, 2*s = 2*y - 14. Is y prime?
True
Suppose 55*a + 353 = 56*a. Is a a prime number?
True
Let j(f) = -13*f**3 - f**2 + 6*f + 2. Let w be j(-4). Suppose w = o + o. Is o composite?
False
Suppose -5*k - y = -0*y - 813, 481 = 3*k + 4*y. Suppose -v + 165 = -4*c, 3*v = 2*v + 2*c + k. Is v composite?
True
Suppose 63 + 51 = 3*i. Let a = i - 22. Is ((-7)/2)/((-4)/a) a composite number?
True
Let p = 5 + -1. Suppose 12 - p = 4*d. Suppose -d*i + 149 = -i. Is i prime?
True
Let t = 756 + -517. Is t a composite number?
False
Suppose -w + 2 = -5*c + 6, 5*c - 28 = -3*w. Is 404/w - (-7)/(-21) prime?
True
Let j = 271 - 174. Is j a prime number?
True
Is 2786 - (-12)/(-4 + 8) a composite number?
False
Let x be -1 + 1 + (3 - 0). Is -758*x/((-6)/1) composite?
False
Is (24/(-15) + 6/10)*-1189 prime?
False
Suppose 0 = -5*y - 2*k - 292, 5*k + 426 = -5*y + 146. Let w = -22 - y. Suppose w - 131 = -a. Is a a prime number?
False
Suppose -2*r + 3503 = -d, -4*d = -r + 171 + 1584. Is r composite?
True
Let s(r) = -r. Let b be s(-2). Suppose -4*f - b*q = -322, -f + 24 = 5*q - 34. Is f prime?
True
Suppose 0 = -2*v - 4*f + 2130, -v - 2142 = -3*v + 2*f. Suppose -4*w = k - 635, v = -4*k + 4*w + 3609. Is k a prime number?
False
Let t(i) = i - 4. Let l be t(10). Is (-7)/2*l/(-3) composite?
False
Let y = 1262 - 620. Suppose 5*p + 173 = -2*o + y, 2*p - 5*o - 176 = 0. Is p composite?
True
Let o(c) = c**3 - 5*c**2 - 7*c - 10. Is o(9) a prime number?
True
Let p(i) = -71*i - 3. Let l(r) = -143*r - 7. Let y(c) = 4*l(c) - 9*p(c). Is y(4) composite?
True
Let o(p) = -p + 2. Let x be o(5). Let f(v) = 5 + 3 - 12*v - 7. Is f(x) a prime number?
True
Let r(a) = -a**2 + 2*a + 3. Let g be r(4). Let o be (6/3)/(2/18). Let w = g + o. Is w composite?
False
Let g = 3 + -3. Suppose g = 2*r - 156 + 38. Is r a prime number?
True
Let a(z) = z**2 + z - 1. Let x(s) = 17*s**2 + 11*s - 3. Let h(q) = 4*a(q) - x(q). Let r be h(-5). Is r/2*(-4)/6 composite?
False
Suppose 3*f + 92 = 2*a, -2*a + 8*f = 3*f - 92. Let b = a - -28. Is b composite?
True
Let i = 136 + -39. Is i composite?
False
Suppose -6*z + 5521 = 415. Is z prime?
False
Suppose -4*l = -1186 - 3298. Is l prime?
False
Suppose -2*u = 4*j - 6*u - 40, -j = -2*u - 15. Let d be 0/(-2) + (1 - 1). Suppose d = -j*m - 20, -2*m + 29 + 2 = g. Is g composite?
True
Suppose 0 = 3*a - h - 2182, 5*a + 4*h - 1464 = 3*a. Is 2/1 - a/(-7) a prime number?
False
Let o(a) be the third derivative of a**4/12 + a**3/6 - 5*a**2. Is o(7) prime?
False
Let m = -11 - -20. Is (m/12)/(1/4) composite?
False
Let l(b) = b**2 - 7*b + 3. Let u be l(7). Let v(k) = 2*k + 3*k**2 + 2 + u*k**2 - 2*k. Is v(2) a composite number?
True
Let d(z) = z**2 + 10*z + 6. Let n be 3/9 - 14/6. Let t be (-352)/36 - n/(-9). Is d(t) prime?
False
Suppose 0*p + 3*p + 237 = w, 3*p - 474 = -2*w. Is w composite?
True
Let t(k) = 6 + 1 + k**2 - 25*k + 2 - 4. Let p be t(10). Let y = 16 - p. Is y a prime number?
False
Let w(v) = -v + 4*v - v + 4*v + 9. Is w(7) prime?
False
Let l = 1 + 22. Is l a prime number?
True
Suppose z + q - 3 = 3*z, 3 = -5*z + q. Suppose -4*p + 3*j + 64 = z, 4*p - 54 = -j + 26. Is p a composite number?
False
Suppose 4*r = 2*r + 4*m + 10162, -3*r + 15223 = 4*m. Is r a composite number?
False
Let z(s) be the first derivative of s + 1/3*s**3 - s**2 - 1. Is z(-4) a prime number?
False
Suppose -3*h = -4*d - 15, -4*h - d + 12 + 8 = 0. Let m = 7 - h. Is 3 + 18 + 0 - m a prime number?
True
Let q(u) be the second derivative of 113*u**4/12 + u**3/6 - 2*u. Let v be q(-1). Let w = 191 - v. Is w composite?
False
Suppose -4*g - 2077 = -5*l, -4*l + l = g - 1253. Is l a prime number?
False
Suppose -11 = 2*v - 3, 689 = 3*m - 5*v. Is m composite?
False
Suppose 2*m - 439 = 319. Is m composite?
False
Let f = -98 - -216. Is f a composite number?
True
Suppose 0 = g + g - 176. Let a = -33 - 18. Let t = a + g. Is t composite?
False
Let k(v) = -4*v - 2. Let q be k(-3). Let g = q + -7. Suppose -3*r = 12, 2*d - 486 = 7*r - g*r. Is d a composite number?
True
Suppose 2*i - 1026 = 3*w, -w + 4*i + 158 = 500. Is (0 - -1) + w/(-9) a prime number?
False
Let x(z) = z**3 + 8*z**2 + z + 2. Let f be x(-8). Let j be f/3 + (3 - -1). Suppose 2*y + 2*m = 10, -6*y + j*y - 2*m = -24. Is y composite?
False
Let p(k) = 16*k - 22. Is p(9) prime?
False
Let l = -20 - -29. Suppose l*r - 748 = 5*r. Is r a prime number?
False
Suppose 0 = -2*k - 2*j - 4, -2*k + 0*j = 3*j + 6. Suppose 0 = -k*s - s + 77. Is s composite?
True
Let r = 209 - 90. Is r a prime number?
False
Suppose -5*t + 5*x = -5, -3*x = -3 - 3. Let g = 0 + t. Suppose -g*d = 5*q - 371, 3*q = d + 4*d - 641. Is d a composite number?
False
Let c(n) = -2*n**3 + 6*n**2 - 7. Is c(-6) composite?
False
Suppose 5*q + 3*a - 894 = 2024, 2337 = 4*q + 5*a. Is q composite?
True
Let q(b) = -b**3 - 6*b**2 - 4*b + 6. Let i be q(-5). Let k be (20/(-25))/(i/5). Let t(g) = 13*g**2 + 5*g - 3. Is t(k) prime?
False
Is 2 + ((-3987)/6)/((-1)/6) prime?
True
Suppose -3397 - 433 = -5*c. Is c prime?
False
Let c = 1 - -1. Suppose 0 = g - s - 9, 5*g + 2*s + c*s = 90. Is g a prime number?
False
Let y = 62 + -16. Suppose 299 = 3*f - y. Is f a prime number?
False
Suppose 2*o = 5*r - 0 + 44, -24 = 2*r - 4*o. Let u = 19 + r. Is u composite?
False
Let q = 11 + -11. Suppose 0*h + h - 67 = -f, q = -2*h + f + 134. Is h a prime number?
True
Suppose 4*i + o = i + 446, -297 = -2*i - o. Is i a prime number?
True
Suppose 0*g - 2*g = -118. Is g composite?
False
Suppose 0 = 5*g - 4*u - 28, 2*u + 47 = 4*g + 7*u. Let q(m) = 19*m - 3. Is q(g) a prime number?
True
Suppose 2*f - 2 = 0, 0 = -4*u + 5*u - f - 3306. Is u composite?
False
Let z = -7 - -10. Suppose 3*l - z*y = 0, -5*l - 2*y + 28 = -0*y. Suppose -189 = -5*g - l*r, 0 = 5*r - 3*r - 2. Is g a prime number?
True
Suppose 3*x = 6*x + 9, -2*a = -2*x. Is a/(-2) + 1208/16 a composite number?
True
Let c be 5/7 + 4/14. Let u be -5*c*6*-1. Let s = -5 + u. Is s prime?
False
Suppose -5*p = -0*p + 115. Is p/5*(-40)/8 prime?
True
Let p(s) be the third derivative of s**5/60 + s**4/24 - 2*s**3/3 + s**2. Let z be p(0). Is z/(-10) + 456/10 prime?
False
Let b = 9 + -3. Let w(d) be the second derivative of -d**5/20 + d**4/2 + d**3/2 - 5*d**2/2 + 13*d. Is w(b) a prime number?
True
Suppose 1 + 23 = 4*h. Let k = h - 4. Is k a composite number?
False
Let f = 812 - 477. Is f prime?
False
Suppose p + 3 = 2*p. Suppose 0 = 7*s - p*s. Let d(b) = b**3 - b**2 - b + 47. Is d(s) a composite number?
False
Suppose y = 4*d - 0*y - 2740, 0 = 2*d - 5*y - 1370. Is d composite?
True
Is (-3)/5 + (-2440)/(-25) prime?
True
Let v(j) be the first derivative of j**3/3 - 5*j**2/2 + 5*j + 2. Is v(-7) a composite number?
False
Suppose 0 = 3*c - 2*c + 5. Let z(f) = 1 - 7*f + 0*f**3 - 4 + f**3 + 4*f**2. Is z(c) prime?
